{"id":26,"date":"2022-07-06T09:12:53","date_gmt":"2022-07-06T09:12:53","guid":{"rendered":"http:\/\/espinho.cway.pt\/?page_id=26"},"modified":"2023-01-17T14:33:51","modified_gmt":"2023-01-17T14:33:51","slug":"contactos","status":"publish","type":"page","link":"https:\/\/espinho.cway.pt\/?page_id=26","title":{"rendered":"Contactos"},"content":{"rendered":"\n    \n    <section class=\"u-align-center u-clearfix u-section-2\" id=\"sec-3458\">\n      <h1 class=\"u-custom-font u-text u-text-default u-text-font u-text-1\">A nossa equipa&nbsp;<\/h1>\n      <p class=\"u-align-center u-text u-text-2\">A nossa miss\u00e3o \u00e9 garantir que as nossas solu\u00e7\u00f5es sejam sempre vistas como um investimento.<br>A nossa equipa est\u00e1 sempre disponivel para garantir que seja uma realidade.<br>Algo n\u00e3o est\u00e1 bem ? Por favor diga-nos ....<br>\n      <\/p>\n      <h2 class=\"u-custom-font u-text u-text-font u-text-3\">Contacte-nos<\/h2>\n      <div class=\"u-form u-form-1\">\n        <form action=\"\/\/publish.nicepage.com\/Form\/Process\" method=\"POST\" class=\"u-clearfix u-form-spacing-10 u-form-vertical u-inner-form\" style=\"padding: 10px\" source=\"email\" name=\"form\">\n          <div class=\"u-form-group u-form-name u-label-none\">\n            <label for=\"name-3b9a\" class=\"u-label\">Name<\/label>\n            <input type=\"text\" placeholder=\"Enter your Name\" id=\"name-3b9a\" name=\"name\" class=\"u-border-1 u-border-grey-30 u-custom-font u-input u-input-rectangle u-text-font u-white u-input-1\" required=\"\">\n          <\/div>\n          <div class=\"u-form-email u-form-group u-label-none\">\n            <label for=\"email-3b9a\" class=\"u-label\">Email<\/label>\n            <input type=\"email\" placeholder=\"Enter a valid email address\" id=\"email-3b9a\" name=\"email\" class=\"u-border-1 u-border-grey-30 u-custom-font u-input u-input-rectangle u-text-font u-white u-input-2\" required=\"\">\n          <\/div>\n          <div class=\"u-form-group u-form-message u-label-none\">\n            <label for=\"message-3b9a\" class=\"u-label\">Message<\/label>\n            <textarea placeholder=\"Enter your message\" rows=\"4\" cols=\"50\" id=\"message-3b9a\" name=\"message\" class=\"u-border-1 u-border-grey-30 u-custom-font u-input u-input-rectangle u-text-font u-white u-input-3\" required=\"\"><\/textarea>\n          <\/div>\n          <div class=\"u-align-left u-form-group u-form-submit\">\n            <a href=\"#\" class=\"u-btn u-btn-submit u-button-style\">Submit<\/a>\n            <input type=\"submit\" value=\"submit\" class=\"u-form-control-hidden\">\n          <\/div>\n          <div class=\"u-form-send-message u-form-send-success\"> Thank you! Your message has been sent. <\/div>\n          <div class=\"u-form-send-error u-form-send-message\"> Unable to send your message. Please fix errors then try again. <\/div>\n          <input type=\"hidden\" value=\"\" name=\"recaptchaResponse\">\n        <\/form>\n      <\/div>\n      <div class=\"u-layout-grid u-list u-list-1\">\n        <div class=\"u-repeater u-repeater-1\">\n          <div class=\"u-align-center u-container-style u-list-item u-repeater-item\">\n            <div class=\"u-container-layout u-similar-container u-container-layout-1\">\n              <div alt=\"\" class=\"u-image u-image-circle u-image-1\" data-image-width=\"768\" data-image-height=\"1024\" style=\"background-image: url(&quot;https:\/\/espinho.cway.pt\/wp-content\/uploads\/2022\/07\/PHOTO-2022-06-24-16-45-49.jpg&quot;);\"><\/div>\n              <h4 class=\"u-align-center u-custom-font u-text u-text-default u-text-font u-text-4\">Nuno Oliveira<\/h4>\n              <p class=\"u-text u-text-default u-text-palette-1-light-1 u-text-5\">CEO<br>Technical Team Manager \n              <\/p>\n              <p class=\"u-text u-text-6\">nunooliveira@cway.pt<\/p>\n            <\/div>\n          <\/div>\n          <div class=\"u-align-center u-container-style u-list-item u-repeater-item\">\n            <div class=\"u-container-layout u-similar-container u-container-layout-2\">\n              <div alt=\"\" class=\"u-image u-image-circle u-image-2\" data-image-width=\"960\" data-image-height=\"1280\" style=\"background-image: url(&quot;https:\/\/espinho.cway.pt\/wp-content\/uploads\/2022\/07\/IMG_2064Grande.jpeg&quot;);\"><\/div>\n              <h4 class=\"u-align-center u-custom-font u-text u-text-default u-text-font u-text-7\">Rog\u00e9rio Mota<\/h4>\n              <p class=\"u-text u-text-default u-text-palette-1-light-1 u-text-8\">CEO<br>Client Team Manager \n              <\/p>\n              <p class=\"u-text u-text-9\">rogeriomota@cway.pt<\/p>\n            <\/div>\n          <\/div>\n          <div class=\"u-align-center u-container-style u-list-item u-repeater-item\">\n            <div class=\"u-container-layout u-similar-container u-container-layout-3\">\n              <div alt=\"\" class=\"u-image u-image-circle u-image-3\" data-image-width=\"720\" data-image-height=\"714\" style=\"background-image: url(&quot;https:\/\/espinho.cway.pt\/wp-content\/uploads\/2022\/07\/PHOTO-2022-06-24-16-45-38.jpg&quot;);\"><\/div>\n              <h4 class=\"u-align-center u-custom-font u-text u-text-default u-text-font u-text-10\">Tiago Costa<\/h4>\n              <p class=\"u-text u-text-default u-text-palette-1-light-1 u-text-11\">\n                <br>Suport Team Manager \n              <\/p>\n              <p class=\"u-text u-text-12\">tiagocosta@cway.pt<br>\n              <\/p>\n            <\/div>\n          <\/div>\n        <\/div>\n      <\/div>\n    <\/section>\n    \n    \n    \n    \n  \n","protected":false},"excerpt":{"rendered":"<p>A nossa equipa&nbsp; A nossa miss\u00e3o \u00e9 garantir que as nossas solu\u00e7\u00f5es sejam sempre vistas como um investimento.A nossa equipa est\u00e1 sempre disponivel para garantir que seja uma realidade.Algo n\u00e3o est\u00e1 bem ? Por favor diga-nos &#8230;. Contacte-nos Name Email Message Submit Thank you! Your message has been sent. Unable to send your message. Please &hellip; <a href=\"https:\/\/espinho.cway.pt\/?page_id=26\" class=\"more-link\">Continue reading<span class=\"screen-reader-text\"> &#8220;Contactos&#8221;<\/span><\/a><\/p>\n","protected":false},"author":1,"featured_media":0,"parent":0,"menu_order":5,"comment_status":"closed","ping_status":"closed","template":"","meta":{"footnotes":""},"class_list":["post-26","page","type-page","status-publish","hentry"],"_links":{"self":[{"href":"https:\/\/espinho.cway.pt\/index.php?rest_route=\/wp\/v2\/pages\/26","targetHints":{"allow":["GET"]}}],"collection":[{"href":"https:\/\/espinho.cway.pt\/index.php?rest_route=\/wp\/v2\/pages"}],"about":[{"href":"https:\/\/espinho.cway.pt\/index.php?rest_route=\/wp\/v2\/types\/page"}],"author":[{"embeddable":true,"href":"https:\/\/espinho.cway.pt\/index.php?rest_route=\/wp\/v2\/users\/1"}],"replies":[{"embeddable":true,"href":"https:\/\/espinho.cway.pt\/index.php?rest_route=%2Fwp%2Fv2%2Fcomments&post=26"}],"version-history":[{"count":2,"href":"https:\/\/espinho.cway.pt\/index.php?rest_route=\/wp\/v2\/pages\/26\/revisions"}],"predecessor-version":[{"id":49,"href":"https:\/\/espinho.cway.pt\/index.php?rest_route=\/wp\/v2\/pages\/26\/revisions\/49"}],"wp:attachment":[{"href":"https:\/\/espinho.cway.pt\/index.php?rest_route=%2Fwp%2Fv2%2Fmedia&parent=26"}],"curies":[{"name":"wp","href":"https:\/\/api.w.org\/{rel}","templated":true}]}}